**2 + 361*n - 27. What is the tens digit of f(8)?
4
Let o = -454 + 835. Suppose 2*h - o = z, h - 187 = z + 3*z. What is the units digit of h?
1
Let u(y) = -1455*y + 463. What is the ten thousands digit of u(-9)?
1
Let u(g) = -2*g**3 + 13*g**2 + 3*g + 1. Let m be u(6). What is the units digit of m/20 + -2 + (-1565)/(-4)?
2
Let f = 19 - 4. Suppose -9*v = -3 - f. What is the units digit of ((-13290)/(-55))/v - (-4)/22?
1
Let f = 277 + -185. Suppose -44*q + 46*q = f. Let b = 55 - q. What is the units digit of b?
9
Suppose -77866 - 66305 = -17*a - 2391. What is the thousands digit of a?
8
Let r be (147/5)/(2/10). Let k = 276 - r. What is the hundreds digit of k?
1
Let a(t) = -t**3 + 13*t**2 - 30*t + 10. Let x be a(13). Let v = 738 + x. What is the units digit of v?
8
Let n(o) = -1 - 6*o**2 - 6*o + 4 + 10*o**3 - 9*o**3 - 7*o. What is the units digit of n(8)?
7
Suppose 61*o = 66*o + 50. What is the tens digit of (-1227)/(-5) - (-1)/(o/4)?
4
Let q(u) = -35*u + 4. Let v be q(-3). Suppose 24 = -106*m + v*m. Suppose -3*x + 5 = -m*x, -2*r + 129 = -5*x. What is the units digit of r?
2
Suppose 5*h - 10 = 0, 5*u - 336 = -3*h + 5*h. Let y = u + -32. Let j = 105 - y. What is the units digit of j?
9
Let w = 3780 + 454. What is the thousands digit of w?
4
Suppose -3*z - 2 = 13, 2*l + 2234 = 2*z. Let t be (-5)/(-10) - l/4. Suppose t + 254 = 5*u. What is the tens digit of u?
0
Suppose -26700 = -40*h + 34*h. Suppose -120*p + h = -115*p. What is the units digit of p?
0
Let q(u) = -35*u**3 + 6*u**2 + 80*u - 150. What is the units digit of q(-9)?
1
Let g be (-25)/(-10)*12/1. Let a be (-20)/(-8)*56/5. Let d = g - a. What is the units digit of d?
2
What is the units digit of 27452*(-11)/(-44)*1?
3
Suppose -2*w + p + 1 = 0, -5*p + 40 = 2*w + 3*w. Let f be (-15)/(-2)*16/w. What is the units digit of (-16)/f + 864/10?
6
Let o be (5 - 5)/(-1 - -3). Let y = -35 + 36. Suppose -z + 146 = -t, t + y + 3 = o. What is the units digit of z?
2
Let y be ((-18)/(-12))/((-1)/(-16)*6). Suppose d = -y*i + 500, -3*i - 2*i = 2*d - 1009. What is the tens digit of d?
1
Suppose 46*u + 1385 - 504579 = 0. What is the tens digit of u?
3
Let t be (-4 - -3)*4*170/(-4). Suppose 6 - 18 = -4*s, d = 2*s + 72. Suppose -5*z = q - d, 4*z + 64 + t = 3*q. What is the units digit of q?
8
What is the hundreds digit of 5*(-6 - (-5 - (1763 - -8)))?
8
Let b be (-17857)/28 - (-15)/20. What is the hundreds digit of (-8 - -3 - b)/(-2 - -4)?
3
What is the ten thousands digit of (-13)/((-91)/(-584703))*(-3 - 16/(-6))?
2
Suppose -4*m + 2*c + 456 = 182, -4*m - 2*c = -262. Let d = 276 - m. What is the hundreds digit of d?
2
Suppose 0 = 50*r + 76*r - 848484. What is the units digit of r?
4
Let r(s) = -3*s**2 + 15*s - 4. Let x be r(6). Let y(h) = -17*h**2 + 8*h**2 + 8*h**2 - 47 - 33*h. What is the units digit of y(x)?
5
Let f(s) = 3*s - 3 + 0*s + 25*s. Suppose -59*z + 32*z + 217 = 190*z. What is the units digit of f(z)?
5
Suppose -19494 = -44*c + 26*c. Suppose 2*o - 1 + 9 = 0, -5*z = -2*o - c. What is the hundreds digit of z?
2
Suppose -h + 329 = -2*h. Let n = 45 - h. What is the hundreds digit of n?
3
Let w be 15/2*150/225. Let d be (-1)/2*(-1 + 1). Suppose 2*a + 0*a + w*y - 220 = 0, d = 5*a - 3*y - 581. What is the hundreds digit of a?
1
Let i = 210 - 74. Suppose -10*h + 252 = -14*h. Let t = h + i. What is the units digit of t?
3
Suppose -6*t + 43*t - 41830 = 66987. What is the hundreds digit of t?
9
Let x(o) = -o**3 + 3*o**2 + 10*o + 5. Let l be x(5). Suppose -2420 = -l*z + 2*z + b, 4034 = 5*z - b. What is the tens digit of z?
0
Let x = -6994 - -66282. What is the tens digit of x?
8
Let i = 23936 - 5287. Suppose -i = -31*l + 1005. What is the hundreds digit of l?
6
Let x = -817 - -3587. What is the hundreds digit of x?
7
What is the tens digit of (-7 - -1)/(8/(-168972)*3)?
4
Let i(a) = -2*a**3 + 43*a**2 - 57*a + 115. What is the units digit of i(18)?
7
Let q(m) = m**3 - 6*m**2 - 21. Let r be q(6). Let u(a) = a**2 + 16*a + 30. What is the units digit of u(r)?
5
Let n = 3067 + -1702. Let r = -908 + n. What is the tens digit of r?
5
Let m(i) = 26*i**3 + 6*i**2 - 30*i + 240. What is the units digit of m(7)?
2
Let u = -179 - -329. Let q = -150 + u. Suppose q = 4*d + 432 - 1324. What is the tens digit of d?
2
What is the tens digit of ((-2)/1 + 52918)*(228 + -227)?
1
Let o = -4394 + -9397. What is the tens digit of o/(-18) - 19/114?
6
Let q(w) = 75 - 230 - 3*w - 233 - 18*w + 0. What is the units digit of q(-26)?
8
Let v = 585 - 581. Suppose 0 = v*u + u - 2935. What is the tens digit of u?
8
Let i(r) = -r**3 - 16*r**2 - 140*r - 51. What is the tens digit of i(-18)?
1
Suppose -2*d - 3*x = -1264 - 522, 3*d - 5*x - 2660 = 0. Suppose 50 = -7*y + d. What is the hundreds digit of y?
1
What is the tens digit of -5 - (-29)/(174/179208)?
6
Let r = -746 - -61. Let p = r + 1721. What is the tens digit of p?
3
Suppose n - 2*c = 253 - 43, -c = -3*n + 625. Suppose 2*b = -5*t + 560, t - 3*t + n = 4*b. What is the units digit of t?
4
Let m(v) = 11*v**2 + 80*v + 1. Let x be m(5). Let y = x - 55. What is the hundreds digit of y?
6
Let h = 944 - 535. Suppose -h = -4*i - b - 0, -i + 98 = -4*b. What is the tens digit of i?
0
What is the hundreds digit of ((-186)/434)/(3/(-44611))?
3
Let r = 447 - -6152. What is the units digit of r?
9
Suppose 7944 = 3*t + 5*s - 3234, 3*s + 18698 = 5*t. What is the tens digit of t?
3
Let r = -4366 - -12347. What is the units digit of r?
1
Let o be -3 + (-4 - -6) + 5. Suppose -z + 221 = -o*w + 1478, -316 = -w + 2*z. What is the units digit of w?
4
Let t(d) = 71*d + 15760. What is the thousands digit of t(-137)?
6
Let z(h) = -163*h + 684. What is the thousands digit of z(-36)?
6
Let i be (226/6)/(4/(-24)). Let h = i + 392. Suppose -2*m = -2*q + h, 5 = 3*m - 8*m. What is the tens digit of q?
8
Suppose 2*f = -2*q + 331 + 263, 1179 = 4*q - 5*f. Suppose 300*v - q*v = 992. What is the units digit of v?
8
Suppose -5*y - z = -0*z - 4712, 2*y - 2*z - 1880 = 0. Let u = -670 + y. What is the units digit of u?
2
Let i be 132/(-16)*(-64)/(-24). What is the units digit of 1318/4 - (-11)/i?
9
Suppose -3*h = -0*h - 36. What is the units digit of 309/h - (-17)/68?
6
Let o(q) = -2*q**2 - 5*q + 27. Let f be o(-5). What is the tens digit of 5/f*89206/235?
4
Let w(z) = -79*z**3 - 21*z**2 - 97*z + 53. What is the ten thousands digit of w(-9)?
5
Suppose 3*m + 11 = 4*w - 36, 3*m = -3*w + 51. Suppose w*c + 8912 = 22*c. What is the tens digit of c?
1
What is the tens digit of 10/(-95) - 7753176/(-342)?
7
Let o(f) = -f - 10. Let d be o(-6). Let l be (11/22)/((-2)/d) + 13. What is the units digit of (-11 - -98)*l/6?
3
Suppose 0 = -4*t + 176040 - 5744. What is the units digit of t?
4
Suppose 6*i - 2*i - 12 = 0, 3*i = 4*c + 745. Let n = 545 + c. What is the hundreds digit of n?
3
Let t(y) = -3*y + 2. Suppose -3*f = -7 + 67. Let g = f + 16. What is the units digit of t(g)?
4
Suppose -49*h = -39*h - 120. Let o(r) = -r**2 + 14*r - 9. Let d be o(9). Suppose -6*p + d = h*p. What is the units digit of p?
2
Suppose 3*b + 5*s = -19, 3*s + 14 = -4*b + 2*s. Let o(u) = 13*u**3 + 3*u**2 + 3*u - 1. Let h be o(b). Let x = h + 468. What is the hundreds digit of x?
1
What is the units digit of (-806)/(-186) - -2*(-3)/18 - -6582?
6
Let o(s) = -19*s - 17*s + 36 - 4*s. What is the hundreds digit of o(-9)?
3
Let t = 43622 + -30999. What is the hundreds digit of t?
6
Suppose 0 = 4*u - 2*o - 72790, -u + 259*o - 261*o + 18180 = 0. What is the ten thousands digit of u?
1
Suppose 0 = -7*l - 3*d + 51, 0*l + 3*l - 4*d - 6 = 0. Suppose 0 = 2*g + 16 - 56. Suppose -h + l + g = 5*z, 2*z = 4*h - 104. What is the units digit of h?
6
Let t(o) = -o**2 - 16*o + 1326. Let c be (-4)/(-8)*1*(-13 - -13). What is the units digit of t(c)?
6
What is the tens digit of (3137/3 + 0)*(51 + 66/(-2))?
2
Let o = 23 + -39. Let b(g) = g**2 + 47*g + 311. Let s be b(-6). Let c = s + o. What is the tens digit of c?
4
Let u(n) = 2830*n + 2317. What is the thousands digit of u(19)?
6
Let q be -34*(7 + -8)*(0 - 12). Let i = 347 - q. What is the tens digit of i?
5
Let o = -74 + 1142. What is the tens digit of o?
6
Suppose 3*q + 5*z = 692, 0*q + 2*z - 680 = -3*q. Let m be 2/1*-12*(-3)/(-4). What is the units digit of q + (6/m)/(2/(-24))?
8
Let t = 2071 + 1067. Let b = t - 1834. What is the hundred